3*w + 2. Let u be 2*(-2 - 2/(-4)). Let o be 15 + -2 + 5 - u. Suppose -3*z + o = -5*r, z + 3*r + 4 = r. Calculate m(z).
0
Let m = -2 - 2. Let a(x) be the second derivative of x**5/20 + x**4/3 + x**3/6 - x**2 + 2*x. Give a(m).
-6
Let u(o) = -o**3 + o**2 - 1. Let z(t) be the first derivative of t**2/2 - 3. Let c be z(-5). Let v(n) = -n - 5. Let h be v(c). Calculate u(h).
-1
Let i(j) = j + 4. Suppose -12 = 5*l - 3*b, 5*b - 4 = 3*l - 0. Calculate i(l).
1
Let o(a) = a**3 - 3*a**2 + a. Let y(b) = -b**3 - 1. Let f be y(-1). Suppose 2*u + 0*m - m + 4 = 0, f = -u - 2*m - 2. Let k be (2/u)/((-1)/3). Give o(k).
3
Let o be (-26)/7 - 4/14. Let a(b) = -4 - 3*b - b**2 - b + 1 + 5. Let u be a(o). Let q(h) = -2*h**2 + 2*h - 3. Determine q(u).
-7
Let q(h) = h**3 + 5*h**2 + 2*h - 4. Let d(t) = -t**2 - t + 2. Let u be 1*2 + 2 + -11. Let m = u + 4. Let i be d(m). What is q(i)?
4
Let y be -10*3/6 - 1. Let p be (y/4)/((-1)/2). Let u(q) = -q**3 + 3*q**2 + 3*q - 4. Calculate u(p).
5
Let q(w) = -15*w - 11*w + 29*w. What is q(2)?
6
Let d(x) = x + 2. Let p(y) = -y**3 - y**2. Let l be p(0). Suppose 2*v + l = 6. Let m be d(v). Let a(u) = -u**3 + 4*u**2 + 3*u + 5. Calculate a(m).
-5
Suppose -2 - 3 = -v. Let h(d) = -d**3 + 6*d**2 - 3*d - 7. Let r be h(v). Let o(m) be the second derivative of m**3/2 - m**2/2 + 2*m. Give o(r).
8
Let u(l) = -3. Let h(n) = n - 1. Let t(d) = 2*h(d) - u(d). Let p = -2 + 1. Let j = -3 - p. What is t(j)?
-3
Suppose -22 = -4*z - 10. Let x(u) = u**2 - 1 - 4*u**z + 1 + u + 3*u**3 - 3. Suppose 3*r - 6 = 2*o, 4*o + 9 = 3*r - 3. Determine x(r).
-3
Let d = -3 - -7. Suppose 4*w = -2*b + 1 - 5, -4*w = -2*b - d. Let q(n) = -n - 4. Calculate q(w).
-4
Let o(m) = m**3 + 1. Let z be o(0). Let f(t) = -4 + t + 4 - z. Let r(x) = 4*x**2 + x + 2. Let b be r(-1). What is f(b)?
4
Let k be -1*3 + -11 + 11. Let p(f) = 2*f - 1. Determine p(k).
-7
Let u(k) = k**2 + k - 1. Let w be u(0). Let i(z) = 30*z**2 - 1. Calculate i(w).
29
Let g(f) = -5*f**3 - 28*f**2 + 18 + 4*f**3 + 27*f**2. What is g(0)?
18
Let v = 11 + 1. Let a(r) = 2*r - 6*r - 2*r + 7*r - v. Give a(6).
-6
Suppose -o = -2*t + 7, 0 = -t + 3*o - 0*o + 1. Suppose -t*s + 27 - 11 = -4*q, s = -4*q - 21. Let d(n) = n**3 + 5*n**2 + n. Calculate d(q).
-5
Suppose 0 = 2*s + 5*h + 21, s + 6*h = 4*h - 9. Let u(t) = -2*t**2 - 5*t - 2. Calculate u(s).
-5
Let x(t) = -t + 7. Suppose -5*n + 5 = 0, 4*g - 2*n - 19 = 3*n. Calculate x(g).
1
Let u(o) = -2*o**3 + 3*o**2 - o + 2. Let q = 8 - 6. Give u(q).
-4
Let s(q) = 3*q + 2. Let g be (1 + (-14)/(-4))/((-3)/4). Give s(g).
-16
Suppose 0 = -4*x + 3*j + 21, x - 5*j = -0*x + 18. Let n(l) = l. What is n(x)?
3
Let p(k) = -k. Let f be (-31)/7 - 8/14. Give p(f).
5
Let v(l) be the first derivative of 1/4*l**4 - 4 + 1/2*l**2 + 3*l - 5/3*l**3. Determine v(5).
8
Suppose 0 = 2*z + 4 + 4. Let c(v) be the first derivative of -v**4/4 - 4*v**3/3 + v**2/2 - 2*v - 2. Calculate c(z).
-6
Let r = 5 + -2. Let s(m) = -2*m**2 + 2*m + 4. Calculate s(r).
-8
Let l(a) = 9*a - 2*a - 6 - 5*a. Determine l(7).
8
Let q(u) = -1 - 2 + 2*u - u - u**3 + 5. Calculate q(2).
-4
Let c be (-2)/4 - (-3)/(-6). Let k(p) = -14*p**3 + p. Give k(c).
13
Let g(u) be the second derivative of -u**4/12 + u**3/3 + 3*u**2/2 + 3*u. What is g(4)?
-5
Let g(j) be the second derivative of j**5/20 + j**4/12 + j**3/3 + 7*j. Give g(-2).
-8
Let t(r) = -4 + 8 + 3 + 3*r. Determine t(-6).
-11
Let y(s) = 3*s - 3. Let m(t) = -1. Let u(z) = -z + 1. Let l(b) = 4*m(b) + 2*u(b). Let f be l(-3). What is y(f)?
9
Let p(c) be the third derivative of -c**5/60 - c**4/3 - c**3/2 - c**2. Give p(-8).
-3
Let m(p) = -2*p - 10. Let a be m(-4). Let q(w) = 9*w. Determine q(a).
-18
Let n(i) = i + 15. Let y be n(-15). Suppose 5*b + y*d + 26 = d, 3*b = -3*d - 12. Let h(l) = -l**2 - 5*l - 1. Calculate h(b).
-1
Let x = 7 - 1. Let i(p) = p - 2*p**2 - 2*p**2 + x - 6*p + 3*p**2. Determine i(-5).
6
Let c = 37 + -31. Let h(j) = -j**2 + 4*j - 1. Calculate h(c).
-13
Let o(t) be the third derivative of -t**5/30 + 7*t**4/24 - t**3 - 21*t**2. Give o(4).
-10
Let l be 0 + (-9)/(-6)*2. Let r(c) = -l*c + 0*c + c**2 + 3*c + 3 - 4*c. Give r(4).
3
Suppose -d + 0 + 3 = 0. Let z(w) = -3*w**2 - w - 2. Let v(h) = -2*h**2 - h - 1. Let f(s) = 4*v(s) - 3*z(s). Determine f(d).
8
Let u(d) = d**3 - 2*d**2 + 4*d - 3. Let w(i) = i**2 - 6*i + 7. Let z be w(5). Calculate u(z).
5
Let r(b) be the first derivative of -b**3/3 + 3*b**2 - 3*b - 6. What is r(2)?
5
Let h(f) be the third derivative of -f**4/8 + f**3 - f**2. Let g = 9 + -5. Determine h(g).
-6
Let o(d) = d**3 + 7*d**2 + 5*d. Suppose -c = 5*n - 9, -c - 3*n = 3*c + 15. What is o(c)?
6
Let i(p) = 6*p + 17. Let f(w) = -4*w - 11. Let b(d) = 8*f(d) + 5*i(d). Calculate b(-2).
1
Let n(f) = 9 + 9 - f**2 - 6 - f**3. Determine n(0).
12
Let m(p) = p**2 - 5*p + 2. Let k be m(5). Let o(t) = -t**k + 1 - 5 + 5*t - 1 + 7. Give o(6).
-4
Suppose -4*u + 4*s - 20 = 0, -5*s + 16 = -5*u + 3*u. Let n(z) be the third derivative of -z**4/24 + z**3/6 + 43*z**2. Calculate n(u).
4
Let y(x) = x**3 - 3*x**2 - 3*x + 2. Suppose -3*d + 12 = d. Calculate y(d).
-7
Let o(a) = -11*a**3 + 3*a**2 - 4*a + 4. Let q(i) = -5*i**3 + i**2 - 2*i + 2. Let k(n) = 4*o(n) - 9*q(n). Calculate k(-2).
-2
Let v(q) = -5 - q**2 + 6*q - 1 + 2. Calculate v(4).
4
Let u(x) = x - 2. Let j be u(6). Suppose -13 = 3*l + p - 3*p, j*p = -4*l - 4. Let z(r) = 3*r + 2. What is z(l)?
-7
Let j(v) = 5*v**2 + 7*v + 6. Suppose 0 = 5*i - 3*i + 8. Let k(o) = -6*o**2 - 7*o - 7. Let x(g) = i*k(g) - 5*j(g). Calculate x(-6).
4
Let c(h) = h**2 + 10*h + 7. Let q be c(-9). Let v(w) = 2*w**2 - 3*w. Let z be 6/4*(-16)/12. Let s(o) = -o**2 + 3*o + 1. Let n(a) = z*v(a) - 3*s(a). Give n(q).
-1
Let n(q) be the third derivative of -q**6/360 + q**5/30 + q**4/24 + q**3/2 + 2*q**2. Let u(s) be the first derivative of n(s). What is u(5)?
-4
Let n(d) = d**3 + 3*d**2 - 4*d - 4. Let h(u) = 7 + 5 + 0*u - 2*u. Let g be (5/10)/((-1)/(-16)). Let s be h(g). Calculate n(s).
-4
Let l(c) be the first derivative of 17*c**3/3 + 15. Calculate l(1).
17
Let c(y) = 3*y + 7. Let a(z) = -6*z - 15. Let t(p) = 6*a(p) + 13*c(p). Give t(-1).
-2
Let y(s) = 5 - 1 + s**3 + 0*s**2 + s**2 + 4*s**2. What is y(-5)?
4
Let s = 133 + -136. Let g(n) = -n - 1. What is g(s)?
2
Let y(k) = k - 1. Let v(o) = o**3 - 4*o**2 - 3*o - 1. Let p(f) = v(f) + 2*y(f). Determine p(4).
-7
Let f(b) = -6 - 2*b**2 + 2*b**2 - 3*b + 3*b**2 + 11*b**3 - 10*b**3. Determine f(-4).
-10
Let p(w) = w. Suppose -8 = -4*x - 24. Let h be 2*(6/x)/3. Give p(h).
-1
Suppose j + 0*j = 3*o + 1, -5*j + 4*o + 5 = 0. Let k(f) be the third derivative of -1/30*f**5 - f**2 + 1/12*f**4 + 0*f + 0 - 1/6*f**3 + 3/40*f**6. Give k(j).
8
Suppose 2*n = 5*n - 9. Let s = n - 2. Let t(l) = -5*l + 1. Calculate t(s).
-4
Suppose w + 2*w + 2*h + 48 = 0, -5*w = 5*h + 80. Let j be (-1 - 1)/(w/40). Let m(q) = q - 1. Give m(j).
4
Let t(k) be the first derivative of k**4/4 + 4*k**3/3 - 3*k**2/2 + 5*k + 2. Suppose l + 2 + 3 = 0. Give t(l).
-5
Let w(o) = 4*o. Let q(u) = -u**2 + u + 2. Let j(m) = m**2 - m. Let b(z) = -2*j(z) - q(z). Let r = 7 + -7. Let x be b(r). Determine w(x).
-8
Suppose 0 = -4*l + 3*x - 12, 3*l = x - 1 - 8. Let m(c) be the first derivative of c**3/3 + c**2 - c + 2. What is m(l)?
2
Let r(d) = d - 2. Suppose i + 3 = 3*i + 3*m, 4*i + m = 11. Let p be 3/((-1)/(2/i)). Give r(p).
-4
Let q be ((-2)/6)/((-5)/75). Let z(y) be the first derivative of 5*y**2/2 - 2. Let p(f) = f + 1. Let b(k) = -3*p(k) + z(k). What is b(q)?
7
Suppose 2*u + 0 = -f + 2, -u = 5*f + 17. Let x(n) = 2 - 1 + 3*n - n**2 - 6*n + 0*n**2. Calculate x(f).
-3
Let d(c) = 3*c**3 + 2*c**2 + 4*c + 2. Let m be -1*(-4 - (-30)/5). Calculate d(m).
-22
Suppose 4*w - 2*k = 10, 6*w - 4*w - 3*k = -5. Let g(v) = -w*v**2 + 0*v**2 + 6*v**2 - 7. Calculate g(0).
-7
Let j(q) be the first derivative of -q**4/4 - q**3 - 3*q + 3. Let m be j(-3). Let v be (-6 + 4)*m/2. Let d(y) = -y + 2. Determine d(v).
-1
Let u(p) be the first derivative of 2*p**3/3 + p + 2. Let y be u(-1). Let j(a) = a**3 + 4*a + 0*a**y + 4*a**2 + 4 - 2. Calculate j(-2).
2
Let d(g) = -g**3 - g + 6. Let h(j) = -j**2 - 1. Suppose 0 = -0*i + i - 5. Suppose 4 = -2*y - 2*y, 0 = 4*v + y + i. Let o(b) = v*d(b) - 4*h(b). What is o(-3)?
4
Let x be -4 + 2 + (-2 - 2). Let z(h) be the third derivative of h**5/60 + 5*h**4/24 - h*